 = x + 129. List the prime factors of c*2*15/(-20).
2, 3, 7
Let x be -3 - -1 - (6 - 46 - -4). Suppose 28*o + 5514 = x*o. List the prime factors of o.
919
Suppose -12*h - 512 = -16*h. List the prime factors of ((-6)/(-4))/(2/h).
2, 3
Let h(r) = -r + 9. Let d be h(0). Let c = -15 + d. Let u(x) = -16*x - 13. List the prime factors of u(c).
83
Let x(d) = d**3 + 107*d**2 + 2432*d + 43. What are the prime factors of x(-69)?
7, 1879
What are the prime factors of ((-84)/(-12) - 16) + (-1 - -5843)?
19, 307
Let b be (5 + 34/(-5))/((-12)/20). Suppose -b*k = 8*k - 4697. What are the prime factors of k?
7, 61
Suppose 11*t - 7*t = 2*p - 58318, -4*p = t - 116582. List the prime factors of p.
29147
Suppose -3*k - 2*m - 4 = -2*k, 3*m + 15 = 3*k. Suppose 0 = 3*a - k*q - 5391, 3*q - 778 = 4*a - 7965. List the prime factors of a.
7, 257
Let q(c) = 5*c - 40. Let g be q(-4). What are the prime factors of -6 + (-5 - -1)*g?
2, 3, 13
Let i(m) = 2*m**2 - 5*m - 14. Let j = 221 + -231. What are the prime factors of i(j)?
2, 59
List the prime factors of 166630676/730*(-5)/(-21) - 4/(-42).
2, 3, 7, 647
Let d(c) = 10*c**2 + 11 - 5*c - 2 + c**3 + 2 + 2. Let o be d(-9). Suppose -5*a + 149 = 4*g - 4*a, 0 = 4*g - a - o. List the prime factors of g.
2, 3
Let a = 1975 - -908. Suppose 0 = 3*t - a - 132. List the prime factors of t.
3, 5, 67
Suppose -4*r = -i - 2, -4*i = -3*r - i + 6. Let l be 1*(14894/(-198) - (-4)/18). Let p = r - l. List the prime factors of p.
3, 5
Let d = -2051 - -3293. Suppose -d = -12*p + 1734. List the prime factors of p.
2, 31
Suppose 0 = -8*i - 150 + 526. Suppose -5*t - i + 187 = 0. Suppose -2*y = -54 - t. List the prime factors of y.
41
Suppose a - 9 = -4*a + 3*k, 5*k + 15 = -2*a. Suppose 10*u - 6433 - 1577 = a. What are the prime factors of u?
3, 89
Suppose -2*o + 1 + 5 = 0. Suppose 2*k = -j, -2*k = -j + 2 + 2. Suppose o*v = j*x - 44, 6*x - 78 = 2*x + v. What are the prime factors of x?
19
Let x = 71 + 4. Suppose x*n + 1200 = 79*n. What are the prime factors of n?
2, 3, 5
Suppose 3*d - 165052 = -4*x, -2*d - 73*x = -69*x - 110032. List the prime factors of d.
2, 3, 5, 7, 131
Let p be -5*(3999/(-33) + (-6)/(-33)). Let a = -246 + p. Suppose -9*f + a = -550. List the prime factors of f.
101
Let v be (5/(-2))/(7/42). Let j(n) = -n**3 - 16*n**2 - 5*n + 3. Let a be j(v). What are the prime factors of 2/((-447)/a - 3)?
7
Let c(o) = -2*o**2 + 4*o + 5. Let i = 35 + -24. Let w be c(i). Let d = 279 + w. What are the prime factors of d?
2, 43
Let n(j) = -23*j - 16. Suppose 6*i + 65 = i. Let o be n(i). Suppose -3*u = 2*v - 3*v - o, 4*v = 2*u - 182. What are the prime factors of u?
5, 19
Suppose -3*t + 3*h + 69 = -2*t, 0 = 4*t - 4*h - 252. Suppose 12*v + 243 = 327. Let a = t + v. List the prime factors of a.
67
Let i(o) = 334*o**2 - 63*o + 21. What are the prime factors of i(14)?
7, 11, 839
Let k be (0 + -66)/((-51)/85). Let z = 219 - -93. Let v = z - k. What are the prime factors of v?
2, 101
Let s = 76609 + -41075. What are the prime factors of s?
2, 109, 163
Let u(m) = 224*m**2 + 501*m - 2454. What are the prime factors of u(5)?
5651
Let s = 3308 + 8639. What are the prime factors of s?
13, 919
Suppose -4332 = -4*o - m, 4*o - 7*m + 4*m - 4348 = 0. Suppose 1504 + o = 4*w. List the prime factors of w.
647
Let k = 31 + -31. Suppose k*s = -3*n - 3*s - 3, -s - 13 = -5*n. Suppose 4*l - 528 = -n*l. What are the prime factors of l?
2, 11
Suppose -2*s - 2*d + 6338 = 0, 21*d - 3 = 22*d. What are the prime factors of s?
2, 13, 61
Let i(a) = 4*a**2 + 11*a + 16. Let t be i(-7). Let c = t + 41. Let k = c + -109. List the prime factors of k.
67
Suppose 122*s + 40 = 132*s. Suppose -4*y + s*q = -204, y + 2*q + 49 = 2*y. What are the prime factors of y?
53
Suppose -336 = -3*r + 546. Suppose -3*d + 187 = g - 34, g = -4*d + r. Suppose 0 = 3*n - 2*u - d, 101 = 4*n + 2*u - u. List the prime factors of n.
5
Let q = 75 - 77. Let z be (7 - q) + (-8)/(3 - -1). Suppose -329 = -z*x + 294. What are the prime factors of x?
89
Let n(v) = 576*v**2 + 3*v. Let d be n(-1). Let f = d - 221. List the prime factors of f.
2, 11
Suppose -8*i = 2*x - 3*i - 33, -x + 3*i - 11 = 0. Suppose -4*z = 3*h - x*h - 2167, -3*z = -4*h - 1622. What are the prime factors of z?
2, 271
Suppose 73*v = 72 + 74. Suppose 2*p + 0 = 10. Suppose 6*x - x = p*m - 605, -v*m = -x - 238. What are the prime factors of m?
3, 13
Suppose 4*s + 2*c - 3068 = 0, -c - 2301 = -3*s - 2*c. Suppose -3*l = -s - 178. Suppose -17*v = -10*v - l. What are the prime factors of v?
3, 5
Let n = 120 + -110. Suppose n*a - 3355 - 475 = 0. What are the prime factors of a?
383
Suppose 557 + 171 = 4*j. Let y = -574 - -579. Suppose 707 = y*u + j. List the prime factors of u.
3, 5, 7
Suppose -23342 = -56*u + 34984 + 94666. List the prime factors of u.
2, 683
Let m(j) = -54*j + 25. Suppose 11*w + 38 + 39 = 0. What are the prime factors of m(w)?
13, 31
Let d(u) = -190*u - 17. What are the prime factors of d(-35)?
3, 11, 67
Suppose 3 = y + 2*h - 0, 5*y = 5*h + 15. Suppose -2*t - q = -6*q - 91, 2*t - 89 = y*q. What are the prime factors of t?
43
Suppose 2*l - 3*l - 3*g + 50 = 0, g + 34 = l. Suppose 0 = q + b - l, 5*q + 3*b - 7*b = 235. Suppose 41 = 3*n - q. What are the prime factors of n?
2, 7
Let a be ((-4)/(-3))/(6/36). Let r = a - 4. What are the prime factors of ((-3)/14*r)/(2/(-28))?
2, 3
List the prime factors of -18 + 7344 + ((-6)/(-10))/((-5)/(-50)).
2, 3, 13, 47
Suppose -3 + 0 = -a. Suppose 0 = -9*l - l + 2560. Suppose -3*b = -a*v - 5*b + l, 0 = -2*v - 4*b + 168. What are the prime factors of v?
2, 43
Suppose -5 = -2*a - 5. Suppose 4*s + 4 + 4 = 4*p, -2*p - 4*s + 10 = a. Suppose p*m - 171 - 246 = 0. List the prime factors of m.
139
What are the prime factors of 21035 + 12 - (51 + -48)/((-1)/(-2))?
53, 397
Let z = -67 - -61. Let c(f) = f**3 + 11*f**2 + 12*f + 5. Let t be c(z). Suppose -108 = -r + 4*a, 3*r - 4*a - 461 + t = 0. What are the prime factors of r?
2, 3, 5
Let b = 1293 - 1907. What are the prime factors of (b/(-3))/((-8)/132*-11)?
307
Let x(y) = -4*y**2 + 13*y + 6. Let l(j) = j**2 - j + 1. Let d(f) = 6*l(f) + x(f). List the prime factors of d(10).
2, 3, 47
Suppose -77*u + 1 = -76*u, -32781 = -4*g - 5*u. What are the prime factors of g?
2, 17, 241
Let s be (727/2)/((2 + -5)/(-6)). Suppose -4927 = -10*p - s. What are the prime factors of p?
2, 3, 5, 7
Let f be 15436/12 + 8/12. Suppose -f = -12*j - j. List the prime factors of j.
3, 11
Let o(q) = -q**2 + 3*q + 30. Let g be o(0). Suppose 4*r = -2*r + g. Suppose -4*m = 4*n - 80, r*n + 3*m - 132 = 6*m. List the prime factors of n.
2, 3
Suppose -31*f + 17*f = -44814. Suppose f = -495*z + 506*z. What are the prime factors of z?
3, 97
Suppose -4*p = -3*l + 99385, 44*l + 2*p = 45*l - 33123. What are the prime factors of l?
31, 1069
Let l(q) = -21*q**3 - 18*q**2 + 8*q. What are the prime factors of l(-6)?
2, 3, 5
Let n(m) = -m**2 - 9*m - 12. Let y be n(-7). Suppose 26*a = 25*a + y. Suppose 0*p - a*p = -78. List the prime factors of p.
3, 13
Suppose -j + 7 = 1. Let g(u) = -28 - j + u + 21*u**2 + 18. List the prime factors of g(3).
2, 11
Suppose -229 = 5*c - 1149. Let l be -5 + (-245 + -6)*3*-1. Suppose 6*h + c = l. What are the prime factors of h?
2, 47
Let k(n) = -55*n. Let w be k(-1). Let b = w + -12. Suppose -o - 3*p + b = 0, -6*o = -o + 2*p - 202. What are the prime factors of o?
2, 5
Let g(y) = -y**3 - 7*y**2 + 7*y - 2. Let q be g(-8). Suppose -q = -2*i - 10. List the prime factors of (366/4 - 0) + i/4.
7, 13
What are the prime factors of 78/(-91) - 2799/(-7)?
3, 7, 19
Let v = -14630 - -28089. List the prime factors of v.
43, 313
Let u(d) = d**2 - 6*d + 8. Let o be u(-3). What are the prime factors of 9*81 + o/(-5) + 11?
733
Suppose 8*y = -2*i + 163454, 408851 = 5*i - 13*y + 9*y. List the prime factors of i.
11, 7433
Let t be (-230503)/(-298) - ((-6)/(-4) + 0). Suppose 3*p + 3*i - 4947 = 0, i + 2411 - t = p. What are the prime factors of p?
2, 3, 137
Let v = 13 + -13. Let r be 18 + (-3 - (v + -3))/(-1). What are the prime factors of (48/(-18))/((-2)/r)?
2, 3
Let r(d) = -1376*d - 665. What are the prime factors of r(-5)?
5, 11, 113
What are the prime factors of (18640/1398)/(2*1/546)?
2, 5, 7, 13
Suppose -1675*a + 1683*a = 200416. What are the prime factors of a?
2, 6263
Let t(k) = 53*k + 10478. Wh